ate p(c).
2
Let w(j) = -2 + 4*j**3 - 12*j**2 + 7*j**2 + j + j**3 - 4*j**3. What is w(5)?
3
Let r(j) = -j**2 + j + 1. Let c = 19 + 2. Let z(g) = 5*g**2 - 7*g - 7. Let t(x) = c*r(x) + 3*z(x). What is t(1)?
-6
Let d(x) = x + 3. Suppose 4 = l - 0. Let q = 3 - l. Let o be (1 + (-1 - q))*3. Determine d(o).
6
Let z(b) = b**2 + 10*b - 9. Let r be z(-11). Let k(y) = y**r + 2 + 5*y - 5*y**2 + 3*y**2. Determine k(6).
-4
Let p(r) = 0*r + 5*r + r**2 + 0*r + 3. Let s(j) = 9*j**3 - 3*j**2 - 19. Let b(o) = 5*o**3 - o**2 - 10. Let a(q) = -11*b(q) + 6*s(q). Let k be a(-7). Give p(k).
-1
Let s(p) = -p**2 + 9*p - 2. Let b be 1 + (3 - 5*(-1 - 0)). Give s(b).
-2
Let q(o) be the first derivative of -o**3/3 - o**2/2 + 4*o + 2. Let h = 36 - 23. Let a = h - 10. Give q(a).
-8
Let q(d) = 2*d + 5 + 2 + 4. Let k(j) = -2*j - 3. Let s(n) = n + 2. Let y(i) = -4*k(i) - 9*s(i). Let a(t) = -6*q(t) - 11*y(t). Give a(-4).
4
Let a(m) = m**3 + 5*m**2 - 6*m + 7. Let h be 1*18/((-9)/(-3)). Let y = h + 9. Let t = 9 - y. Determine a(t).
7
Let r(u) = -4*u**2 - 1. Let s = 4 + -3. Let w be r(s). Let z(y) be the second derivative of y**5/20 + y**4/2 + 2*y**3/3 - y**2/2 + 2*y. What is z(w)?
4
Let l = 1 + 1. Let u(b) be the first derivative of b**3/3 - 2*b**2 + 3*b + 18. What is u(l)?
-1
Let k(u) = u**3 + 6*u**2 - 7*u - 10. Suppose -3*t + 5 = -s - 4*t, -17 = 3*s + 2*t. What is k(s)?
-10
Suppose -2*a + 6*a - 8 = 0. Let u(m) = 2*m**2 + 2*m + m**3 + 4*m**a + 1 - m**2 - m**2. Give u(-2).
5
Let i(q) = -7*q**3 + 2*q**2 - q. Let a be i(1). Let d(r) = r - 6. Let v = -7 + 8. Let s(y) = -1. Let t(m) = a*s(m) + v*d(m). What is t(3)?
3
Let i(u) be the third derivative of u**5/60 + u**4/4 + 7*u**3/6 + 61*u**2. Let q be (0 - 2)*(-5)/(-2). Give i(q).
2
Let r(g) = -4*g - 1. Suppose -i - 5*t + 4 = 0, 2*i - 8*t + 7 = -3*t. Give r(i).
3
Let k(b) be the first derivative of 2*b**3/3 + b**2 + 2*b - 1. Let p(g) = -g**3 - 10*g**2 + 12*g + 9. Let q be p(-11). Determine k(q).
6
Let i(w) be the second derivative of -w**3/3 + 2*w**2 - w. Let b = 12 - 6. Give i(b).
-8
Let s = 4 + -4. Let n(k) = -k**3 + k**2 + k + 2. Let w be n(s). Let f(d) = d**2 + 2*d - 1. Let a(b) = -b. Let j(q) = -2*a(q) - f(q). Determine j(w).
-3
Let p(l) = -l + 4. Let n = 7 - 2. Calculate p(n).
-1
Suppose -2 = -5*d + 4*d. Let p(z) = -3*z**2 + 2*z - 4. Let c(s) = s**2 - s + 1. Let u(l) = 6*c(l) + p(l). Determine u(d).
6
Let q(n) = -5*n + 5*n**2 - n**3 + 1 + 4*n - 2*n - 2*n. Let h = -2 + 3. Suppose 5 = g + h. Calculate q(g).
-3
Let o(y) = y**2 + 4*y - 1. Let b be o(-4). Let n(c) = 2*c**3 - c**2 - c + 3. Let p(u) = -u**2 - u + 1. Let w(k) = b*n(k) + 2*p(k). What is w(-1)?
1
Let t(z) = -z**2 + 2*z**2 - 2*z + 0*z**2. Let f(v) = -3*v - 6. Let o be f(-3). Give t(o).
3
Let y(n) = -5 + 20*n - 8*n - 5*n**2 + 2*n**2 + 2*n**2. What is y(8)?
27
Let y(u) = -2*u - 8. Let o be 40/12 - 4/(-6). Suppose 5*q = -0*q - 3*g - 15, -o*g = 2*q - 8. What is y(q)?
4
Let l(r) = -5*r**3 - 6*r**2 + 6*r - 5. Let q(d) = -9*d**3 - 12*d**2 + 11*d - 9. Let x(k) = 11*l(k) - 6*q(k). Calculate x(6).
-1
Let b(p) = -2*p + 2. Let d(i) = -i + 2. Let f(v) = -3*b(v) + 2*d(v). Give f(4).
14
Let b(z) = -20*z**3 - 14*z**2 - 8*z + 6*z**2 + 19*z**3. Determine b(-7).
7
Let n be 22/(-6) + (-4)/(-6). Let z be (n - 1) + (-10)/(-5). Let h(f) = -f**2 - 3*f - 2. What is h(z)?
0
Suppose 4*t - 12 = t. Let d(z) be the first derivative of 2*z - 1/3*z**3 + 1 + 3/2*z**2. Give d(t).
-2
Let v(h) = -39*h**2 - 39*h**2 + 4 + 3*h + 112*h**2 - 38*h**2. Give v(3).
-23
Let q(y) = 3*y - 54. Let s be q(16). Let l(v) = 5*v**3 + v**2 + 11*v + 1. Let c(w) = w**3 + w**2 + w. Let d(j) = -6*c(j) + l(j). Give d(s).
7
Let x(o) = -6*o**3 + 2*o**2 + o. Let u(f) = -5*f - 5. Let s(k) = -k. Let n(i) = -4*s(i) + u(i). Let c be n(-4). Calculate x(c).
7
Let i(y) = -y - 3. Let t(m) = 2*m - 7*m + 11 + 4*m. Let k be t(11). What is i(k)?
-3
Suppose 2*o = 4*g - 14, o - 5*g + 8 + 2 = 0. Let a(q) = -q**2 - 6*q - 2. Let y be a(o). Let n(u) = u**2 - 4. Give n(y).
5
Let i(m) = -m**3 - 5*m**2 - 2*m. Suppose n - 1 = 0, -2*d - 5*n = 3*d + 15. Determine i(d).
-8
Let q = -1 - -1. Let b(x) = 0*x - x**2 + 5*x - 6 + q*x. Suppose 13 - 3 = 2*r. What is b(r)?
-6
Let k(s) = s**2 - 6*s + 3. Let z = -16 + 9. Let j be ((3 - 0) + z)/(-1). What is k(j)?
-5
Let b(i) be the second derivative of -i**5/20 + i**4/3 + i**3 - i**2 - 16*i. What is b(5)?
3
Let f be -2 - (12/(-4))/3. Let n(h) = 4*h - 1. Calculate n(f).
-5
Let b(o) = 3*o**3 - 6*o**2 + 5*o - 5. Let d(y) = 7*y**3 - 12*y**2 + 9*y - 9. Let v(i) = -5*b(i) + 2*d(i). What is v(5)?
-3
Let s(i) = 103*i**3 + 0*i**2 - i - 8 - 102*i**3 - i**2. Determine s(0).
-8
Let i(f) = 12*f + 5. Let o(n) = -30*n - 12. Let m(l) = -12*i(l) - 5*o(l). Suppose -41 - 4 = 5*z. Let k be 1/(4 - z/(-3)). Give m(k).
6
Let g be 2/12*2*-15. Let j(p) be the third derivative of p**6/120 + p**5/12 - p**4/8 - p**3 - 4*p**2. What is j(g)?
9
Suppose -4*h - 2*f = -4, -5*h + 5 + 0 = 5*f. Let m(c) = -h - 7*c + c - c. Give m(-1).
6
Let m(h) = -108 + h + 108. Suppose -5*r - 22 = 2*c - r, -4*c = -2*r + 4. Give m(c).
-3
Let b(d) be the first derivative of d**4/24 - d**3/6 + d**2 + 2. Let r(g) be the second derivative of b(g). Give r(5).
4
Let l(t) be the second derivative of t**5/10 - t**4/6 - t**3/3 + 3*t**2/2 - 29*t + 1. Suppose 5*q = 4*q + 2. Give l(q).
7
Let m(g) = -7*g**3 + 5*g**2 - 2. Let s(n) = -20*n**3 + 14*n**2 - 5. Let l(i) = 17*m(i) - 6*s(i). Calculate l(0).
-4
Let x(h) = 3*h - 3. Let u be x(6). Suppose 1 = -2*b + b - 3*n, -5*n = -5*b + u. Let m(f) = b - 2*f - 4 + 1 + 3*f. What is m(2)?
1
Let t(q) = 6*q - 4*q - 4*q - 10*q**2 + q. Calculate t(-1).
-9
Let i(a) = -a + 3. Let u be (-74)/(-12) - 2/12. Give i(u).
-3
Let o(z) = -z**2 - z + 1. Let d(w) = -4*w**2 + w + 5. Let g(c) = d(c) - 5*o(c). What is g(-5)?
-5
Let f(y) = y**3 - 2*y**2 - 4*y + 3. Let s = 24 + -13. Suppose -2*n - 5*c + s = 0, 5*n + 2*c + 3 = 20. Determine f(n).
0
Let o be -3 - (-9)/(1 - 4). Let x(n) = -n**2 - 3*n - 8. Calculate x(o).
-26
Let h(a) be the first derivative of -a**3/3 - 3*a**2/2 + 6*a + 12. What is h(-5)?
-4
Let b(h) = -8*h**2 + 4*h**2 - 3*h**2 + h. Determine b(-1).
-8
Let g(o) be the first derivative of o**3/6 + 5*o**2/2 + 3*o + 2. Let u(y) be the first derivative of g(y). Give u(-5).
0
Let u(l) be the first derivative of l**6/360 + l**5/60 - l**4/12 + l**3 + 3. Let a(x) be the third derivative of u(x). Give a(-3).
1
Let o(m) = m**3 - 7*m**2 - 9*m + 5. Let f be o(8). Let i = -6 - f. Let s(z) = 2*z - 4. Give s(i).
-10
Let h(q) = q - 19. Let t = 216 + -208. What is h(t)?
-11
Suppose 4*y + 4*i = 2*y - 16, -5*y + 12 = -3*i. Let s(t) = -4*t**2 + 3*t + 3. Let d(j) = -5*j**2 + 4*j + 4. Let w(h) = -3*d(h) + 4*s(h). What is w(y)?
0
Let g(n) = -32*n**2 - 4 + 2 + n**3 + 21*n**2 + 2*n + 15*n**2. Suppose 0 = 3*j + 3*p - 1 - 5, 2*j = -4*p + 14. What is g(j)?
1
Let u(n) = 3*n - 1. Suppose -3*j + 15 = 0, -2*g = -4*j + 20 + 4. Determine u(g).
-7
Suppose 0 = -11*b + 4*b + 21. Let m(d) be the first derivative of -3/2*d**2 + b - 3*d - 1/3*d**3. Determine m(-4).
-7
Let u = 27 - 21. Let d(i) = -i**3 - i**2 + i - 1. Let a(q) = 7*q**3 + q**2 - 11*q + 10. Let t(w) = a(w) + 6*d(w). Give t(u).
10
Let r(y) = y**2 - 6*y. Let g be r(5). Let d(z) = z - 2. Give d(g).
-7
Let d(w) be the third derivative of -1/60*w**5 - 1/24*w**4 - 1/720*w**6 + 0*w**3 + 0*w - 2*w**2 + 0. Let t(p) be the second derivative of d(p). What is t(-3)?
1
Let x(c) = -7 - 5 + 11. Let q(s) = -s - 1 + 2 + 0. Let a(m) = -q(m) + 3*x(m). Calculate a(5).
1
Suppose 0 = -5*q + 9*q. Let m(o) = o**2 + 5. Calculate m(q).
5
Let s(o) = -3*o**2 + 2*o + 2. Let l be (-1)/(1 - 5/4). Let g(t) = t**2 - 2*t + 2. Let h be g(l). Suppose -3*m + h - 4 = 0. Calculate s(m).
-6
Let y(m) = -4 - 5*m - 3 + 5 + 8 - m**2. Calculate y(-6).
0
Let q = 33 - 29. Let s(k) be the third derivative of 0 + 1/6*k**3 - 2*k**2 + 1/24*k**q + 0*k. Give s(4).
5
Let w(x) = -x - 9. Let o(u) = u + 1. Let n(l) = 2*o(l) + w(l). Give n(6).
-1
Let i(r) = r + 4. Let f(p) = -p - 1. Let a(j) = -2*f(j) - i(j). Give a(5).
3
Let h(b) be the third derivative of 2*b**2 + 0 - 1/60*b**5 - 1/6*b**3 + 0*b - 1/8*b**4. Let u(w) = -w**2 - 6*w - 4. Let j be u(-6). What is h(j)?
-5
Let y(x) = -x**3 - 3*x**2 + 4*x - 1. Let h = -16 - -12. What is y(h)?
-1
Let m(h) = -h + 1. Let i(b) = -5*b + 2. Let q